ulate the greatest common divisor of c and 102.
34
Let d = -93 - -181. Let c be 24233/d + (-12)/32. What is the greatest common factor of 55 and c?
55
Suppose -4*f = -d - 1625, -17*f - 4*d + 1600 = -13*f. What is the greatest common divisor of 315 and f?
45
Let t be -282*1/3*(3 - 4). Let y = t - 123. Let r = -27 - y. Calculate the greatest common divisor of r and 16.
2
Let j be (7 + -6 + -1 + 2)/1. Suppose 0 = 5*w - 4*b - 102, b + 69 = 4*w + j*b. Let t = 8 - 6. Calculate the highest common divisor of w and t.
2
Let i(p) = 2*p**2 - 13*p + 14. Let l be i(1). Let v(k) = -k + 12. Let d be v(11). Let r be 1 - 6/(-3) - d. What is the highest common divisor of r and l?
1
Suppose -496 + 238 = -14*h + 652. Calculate the greatest common factor of h and 1261.
13
Suppose 22*v - 83 - 197 - 28 = 0. What is the highest common divisor of 15442 and v?
14
Let s = 870 - 848. Calculate the highest common factor of 1870 and s.
22
Let f(l) = -2*l**3 + 2*l**2 + 27*l + 51. Let z be f(-2). Let m = -63 - -98. What is the greatest common divisor of z and m?
7
Let n(p) = -p**3 + 8*p**2 + 8. Let b be n(8). Let l(j) = -14*j + 88. Let o be l(6). Suppose o + b = c. Calculate the greatest common factor of c and 12.
12
Suppose 26*f = 4773 - 1736 + 19063. Calculate the highest common divisor of f and 50.
50
Let g be 2/(-18) + 12672/324. Suppose 3*k - 49 = -5*v, -16 - g = -3*k + v. What is the greatest common factor of 540 and k?
18
Let a be 3/(24/(-5432))*-1. Let g = -657 + a. Suppose -25 = 5*v - 300. Calculate the greatest common divisor of g and v.
11
Let t be (1 + -122)*(-1 + 0). Suppose 3*k = 0, 0 = -0*r - 5*r + k + 6200. Let n = -1229 + r. What is the greatest common divisor of t and n?
11
Suppose -84894 = -19*f + 24831. Calculate the greatest common factor of f and 1400.
175
Suppose 156 = 5*d - 4*c, -2*c = -4*d + 20 + 106. Calculate the greatest common factor of 624 and d.
16
Let p be 34 + -26 - ((-4 - -2) + 4). Suppose -5*u = -m - 1 + p, 4*m - 65 = 5*u. Suppose 109 = 2*h - 11. Calculate the highest common divisor of m and h.
20
Let x be 10/(-55) - (-70)/22. Let y be (-92)/(-6) + (-147)/441. What is the highest common factor of x and y?
3
Let u be (-4)/(-6) - (-188)/6. Let x(t) = t**2 + 117*t + 72. Let z be x(0). What is the greatest common divisor of z and u?
8
Suppose 2*b - 128 = k + k, 0 = -2*b - 2*k + 128. Let h be (-1*(21 - 2))/((-16)/b). What is the greatest common factor of h and 247?
19
Suppose -3*d + 1335 = 3*n, -d = d - n - 881. What is the highest common factor of 1638 and d?
26
Let z(k) = 38*k**2 + 39*k - 106. Let y be z(2). Calculate the highest common factor of y and 1798.
62
Let s be 15/(-5) + (12 - 4). Calculate the greatest common factor of 1765 and s.
5
Let a = -5958 + 6084. Calculate the highest common divisor of a and 28854.
126
Let u(x) = -x**3 + 3*x**2 + x - 2. Let t be u(1). Let b be (15/20)/(t/(-12)). Let d be -2*(-2 + b/(-6)) + 287. What is the highest common divisor of d and 36?
36
Let x = -348 + 353. Suppose -x*a = -7*a + 32. Let v be 13 - (-2)/2 - -2. Calculate the greatest common factor of a and v.
16
Let i be 50/(-10) - (-30 + 14). Calculate the highest common factor of i and 4279.
11
Let y be (125/(-750) - (-80485)/2) + (-6)/18. Calculate the greatest common factor of y and 38.
38
Suppose 2*h + 4*q = 416, 4*h + q = 539 + 230. Let a be (5 - 35)*2/(-3). What is the greatest common factor of h and a?
10
Suppose -8*z + 10*z - 842 = 2*x, -3*x = -5*z + 2095. What is the highest common factor of 702 and z?
26
Let u(n) be the third derivative of n**4/24 + 11*n**3/2 - 18*n**2. Let x be u(-5). Let m be (-6)/33 + 1234/11. Calculate the highest common divisor of x and m.
28
Suppose -28*u = 37 - 429. Let k be 8 + (-1 - -2)/1. Suppose k = -a + 51. Calculate the highest common factor of u and a.
14
Let t = -1656 - -1786. Let d(b) = -b**2 - b + 20. Let s be d(0). Calculate the greatest common factor of t and s.
10
Let s be (10 + -9)*(-3 - -6). Suppose t + 4*f = 32, 0 = -5*t + 4*f - s*f + 55. Calculate the highest common factor of t and 228.
12
Suppose 4*h = -5*k + 496, h + 301 = 5*k - 2*k. Calculate the greatest common divisor of 940 and k.
20
Let z(g) = -g**3 + 5*g**2 + g + 44. Let h be z(6). Let d be -5 - h/((-1)/5*2). Calculate the highest common factor of d and 110.
10
Let y(f) = 122*f - 2202. Let g be y(19). What is the greatest common divisor of 551 and g?
29
Suppose 30*h = -5*h + 3229 - 1269. Calculate the greatest common divisor of 704 and h.
8
Let b(v) = 21*v - 5. Let s be b(2). Suppose 1 = -12*k + s. Let f be ((-7)/k)/((-26)/156). Calculate the greatest common factor of f and 4.
2
Suppose 4*n = 4*f - 216, -400*n + 246 = 5*f - 399*n. Calculate the highest common factor of 330 and f.
10
Let s be 1917/5*6840/2052. Calculate the greatest common factor of s and 54.
18
Let w(t) = -143*t + 1033. Let m be w(7). What is the greatest common divisor of m and 6176?
32
Let m be (12/10)/(2980/200 - 15). Let o be ((-6)/4)/((-3)/(-100)). Let q be m - -10 - (o - 1). Calculate the greatest common divisor of q and 7.
7
Let h(v) = 8*v**2 - 37*v + 101. Let s be h(9). Calculate the highest common factor of s and 1696.
32
Suppose -4*d + 2*s = s, 0 = -5*s. Let t(w) = 19*w + 90 + 15*w + 22 - 33*w. Let a be t(d). What is the greatest common factor of 14 and a?
14
Suppose -56*c + 19*c = -333. Let y = c - -66. Calculate the highest common factor of 125 and y.
25
Let w = 93541 + -93477. Suppose -5*p = -p - 3328. Calculate the greatest common factor of p and w.
64
Let s be ((-60)/(-8))/((-129)/(-7138)). What is the greatest common divisor of 581 and s?
83
Let s(f) = 2*f**2 - 240*f - 704. Let p be s(-3). What is the greatest common factor of 2006 and p?
34
Let c = -11961 - -11979. Suppose -4 - 23 = -3*j. Calculate the greatest common factor of c and j.
9
Let n = 135 - 21. Suppose -2*u - 4*u + n = 0. Calculate the greatest common divisor of 57 and u.
19
Let d(p) = p**3 - 20*p**2 + 50*p - 38. Let o be d(16). Let u = -214 - o. What is the greatest common divisor of 84 and u?
12
Suppose -1473 = -3*x + 3*u, -2*x = 5*u - 177 - 826. Suppose 100*r - 233 = 1639 + 1928. What is the highest common factor of x and r?
38
Let t(r) = -279*r + 8944. Let q be t(32). Calculate the greatest common factor of 24688 and q.
16
Suppose -31*r + 369 = -561. Let k(v) = -3*v**3 - 5*v**2 - 4*v - 11. Let w be k(-5). Suppose -w = -4*a - 19. What is the highest common factor of a and r?
30
Let p(j) = 4*j**3 + 12*j**2 + 6*j + 232. Let k be p(12). Calculate the highest common divisor of 129 and k.
43
Suppose -30*c + 812 = -6328. Suppose 96 = 244*y - c*y. What is the highest common divisor of 328 and y?
8
Suppose 5*x = 14*x - 36. Let h(a) = a**3 + 2*a**2 - 11*a + 9. Let f be h(x). Let o = f + -16. Calculate the highest common divisor of 45 and o.
45
Let q = -872 - -887. Suppose -o = -7*n + 3*n - 453, 2*n + 1854 = 4*o. What is the greatest common divisor of o and q?
15
Let y = -10191 + 10247. What is the highest common factor of 1136 and y?
8
Suppose 16 = -4*k + 4*a + 776, -745 = -4*k - a. Suppose 6*y = k + 23. What is the highest common divisor of y and 25?
5
Let f = -8676 + 8700. Let u = 7 + -1. Let q(x) = x**3 - 5*x**2 - 6*x + 8. Let m be q(u). What is the highest common factor of m and f?
8
Suppose 31847*g = 31845*g + 992. What is the greatest common factor of 96 and g?
16
Let n be (10*306/(-36))/((2 - 2) + -1). Let a be (-1)/(-5)*-6*-90. Let z = -74 + a. Calculate the highest common divisor of n and z.
17
Let q(h) = -3*h**3 + h + 1. Let l be q(-1). Suppose l*g + 63 - 165 = 0. What is the greatest common factor of 119 and g?
17
Let h(t) = 12 - 50 + 10*t + 3. Let n be h(4). What is the highest common factor of 135 and n?
5
Let k(o) = o**3 + 30*o**2 - 14*o + 12. Let w = 473 - 503. Let t be k(w). Calculate the highest common divisor of 27 and t.
27
Let a(p) = p**2 - 9*p - 32. Let j be a(-20). Let g = 772 - j. Let q be (16/12)/(4/96). Calculate the greatest common factor of q and g.
32
Let g(q) = -q**3 - 117*q**2 + 173*q - 36. Let x be g(-120). Calculate the highest common divisor of 12 and x.
12
Let l be 1 - (-1 + 3)/(-2). Let q = 7204 + -7190. What is the highest common divisor of l and q?
2
Suppose -m + 4*z + 22 = 6*z, -4*m + 77 = -3*z. Suppose 5*a - 17 - 23 = 0. Calculate the greatest common divisor of a